-3 + 8/2. Let i be (-2)/(-4) + 118/y. Let b(u) = -4*u. Let t be b(-3). What is the highest common divisor of t and i?
6
Let r(s) be the first derivative of -s**4/4 - 7*s**3/3 - 9*s**2/2 - 7*s + 5. Let c be r(-7). Calculate the highest common divisor of 14 and c.
14
Let v = -124 - 31. Let s be 2/(-10) - v/25. Calculate the highest common factor of 4 and s.
2
Let x(z) = z**3 + 12*z**2 + 9*z - 19. Let j be x(-10). Calculate the greatest common factor of 13 and j.
13
Let b = -39 + 121. Suppose 0 = -2*c - 4*w + 56, -5*w + 0*w + b = 3*c. Suppose l - c = -0*l. Calculate the highest common divisor of 16 and l.
8
Let j = 6 - 12. Let p be 235/25 + j/(-10). Let h be ((-1)/2)/((-5)/p). What is the greatest common divisor of 3 and h?
1
Let i(c) = -3*c + 7*c**2 - 10*c**2 + 4 - 47*c**3 + 46*c**3 - 3. Let x = -1 + -2. Let w be i(x). What is the greatest common divisor of 4 and w?
2
Suppose -5*f + a = -67, 0 = -5*f + 2*f + 5*a + 27. Calculate the greatest common divisor of f and 2.
2
Let f(b) = b - 1. Let p(x) = -11*x**2 + 7*x - 6. Let l(g) = 3*f(g) - p(g). Let t be l(3). What is the greatest common factor of t and 36?
18
Suppose 2*m = 5*g + 632, -m + 4*g = 6*g - 298. Calculate the greatest common factor of m and 18.
18
Suppose 57*d - 760 = 38*d. Calculate the highest common divisor of d and 170.
10
Suppose -4*l + 4*o - 67 = -887, -2*l = 3*o - 405. Calculate the highest common factor of l and 12.
12
Suppose -2*u + 1 = -3. Let i be (1/u*-2)/1. Let d be 17 + (i - -4)/1. Calculate the highest common factor of 4 and d.
4
Suppose u = -u + 36. Suppose 3*j - w = 10, -j - 6*w - u = -w. Suppose 6*i - 588 = j*i. Calculate the greatest common divisor of 21 and i.
21
Suppose -3*i = -2490 - 840. Let h be 2/6*i/5*1. What is the greatest common divisor of h and 111?
37
Suppose -4*f = -7*f. Suppose f = -11*z - 56 + 210. Calculate the greatest common divisor of 182 and z.
14
Let r be (-1 - -13)*(3 + (-10)/6). Let j be (r/(-10))/((-4)/20). Suppose 2*h - 82 = -18. What is the highest common divisor of j and h?
8
Let o be (-8)/6*30/(-8). Suppose 0*x = -o*x + 765. Let w = x + -99. Calculate the highest common factor of w and 36.
18
Suppose 5*r + 24 = 4*r. Let k be (-66)/(-4) + r/16. What is the greatest common divisor of 5 and k?
5
Let p = 1 - -26. Let j be 17/34 + p/2. Let f(g) = 7*g + 7. Let r be f(5). What is the greatest common divisor of j and r?
14
Let w = 593 + -216. Let k = w - 258. Let f(y) = y + 14. Let j be f(3). What is the highest common divisor of j and k?
17
Suppose 2*m + x = -2, 0 = 2*m - 3*x + 1 + 1. Let f be (m + 19 - -3)/(3/6). What is the highest common factor of 63 and f?
21
Let n = 16 + -2. Suppose -15*k + n*k = -18. Suppose z - 6 - k = 0. Calculate the greatest common divisor of 72 and z.
24
Let f be 30/26 + (800/(-130) - -6). Let i be ((-1)/3)/((-2)/30). Suppose s = x + 9, -i*x + 4 = 3*s + 1. What is the greatest common divisor of s and f?
1
Let z = -1372 + 1373. Let c be 42/8 - (-1)/(-4). What is the greatest common divisor of z and c?
1
Let c be (-9)/6*(-28)/3. Suppose 4*w - 8 - 10 = -3*r, -14 = -4*r - 2*w. What is the greatest common divisor of c and r?
2
Suppose 0 = h - 0*h - 54. Let b(l) = -l**3 - 7*l**2 + 9*l + 35. Let t be b(-8). What is the greatest common divisor of h and t?
27
Let f = -16 - -51. Suppose p - 6 = 9. Let b(h) = h**3 - 16*h**2 + 18*h - 31. Let j be b(p). What is the highest common factor of f and j?
7
Let p be 36/(-9) + (5 - 1). Suppose -3*o - h - 16 = -81, o - 4*h - 13 = p. What is the greatest common divisor of 84 and o?
21
Let p(n) = -14*n + 3*n**2 - 8 - 2*n**2 + 11*n. Let v be p(5). Calculate the highest common factor of 4 and v.
2
Suppose -h = 3*n - 17, -8*h + 6*h = -3*n + 11. Let w = 8 + -3. Suppose v = 4*v + n*z + 10, 4*v + w = -5*z. Calculate the highest common factor of 25 and v.
5
Suppose -31 = -3*m - 1. Suppose t - 11*f = -13*f + 106, -t + 3*f + 116 = 0. What is the greatest common divisor of t and m?
10
Let c be (-225)/21 - (-4)/(-14). Let x be ((-1)/2)/(c/22). What is the greatest common divisor of x and 3?
1
Let g = 74 + -73. Let d = 9 + 0. Calculate the greatest common factor of d and g.
1
Let o be -2*(3 - (1 + 3)) - 3. Let k(m) be the first derivative of -55*m**2/2 + 1. Let v be k(o). Calculate the greatest common divisor of 5 and v.
5
Let j(p) = -p**3 + p**2 - 27*p + 33. Let l be j(0). Calculate the highest common divisor of 5 and l.
1
Suppose 0*l = -l - 4*g - 97, -2*l = -5*g + 142. Let w = 120 + l. Suppose -3*x = 3*i - w, 3*i - 69 = -3*x + 6*x. What is the greatest common divisor of 18 and i?
18
Let c be 160 + -8 + (-2 - -6). What is the greatest common divisor of 39 and c?
39
Let h = -16 - -28. Suppose 9*v = 4*v + 15. Suppose -v*l - 3*b = 0, 0 = -0*b - b - 3. Calculate the highest common factor of l and h.
3
Suppose -5 = -2*g - 3*g. Let l = 6 - g. Suppose -3*b = -l*b + 30. Calculate the greatest common factor of b and 3.
3
Let z(y) = 4*y**2 + 18*y + 12. Let v be z(-8). Suppose -2*c = -5*b - v, 3*c - 176 = -0*c + 5*b. What is the greatest common factor of c and 26?
26
Suppose 0*h + 2*h = 6. Suppose x + 100 = h*x. What is the highest common factor of 20 and x?
10
Suppose -4*c = -18*c + 140. Calculate the highest common factor of 590 and c.
10
Let o = 402 - 336. Let u = 49 + -5. Calculate the highest common divisor of o and u.
22
Let f be -15 - -14 - (1 + 6). Let j be (6/f)/((-3)/72). Let l = -179 - -323. What is the greatest common divisor of l and j?
18
Suppose -18*s + 19*s = -t + 164, 2*t - 5*s - 307 = 0. What is the highest common divisor of t and 140?
7
Let p(b) = -2*b**3 - 6*b**2 + b + 5. Let f be p(-4). Suppose 5*h - 39 = 71. What is the greatest common divisor of h and f?
11
Let g be (-8)/4*11/2*-11. Suppose 3*z - g = -5*h, -8 = 4*z + 4. What is the highest common factor of 39 and h?
13
Suppose 30 = -10*a + 5*a. Let o = 74 - a. Calculate the greatest common factor of o and 32.
16
Let z(k) = -2*k**2 + 13*k + 8. Let q be z(7). Let l(w) = 134*w**3 - 1. Let u be l(q). What is the greatest common factor of 7 and u?
7
Suppose u = -3*m + 22, -3*u - 12 = -2*m + 10. Suppose 20 = -4*k, -3*r + m*r - 110 = -k. What is the greatest common factor of 161 and r?
23
Suppose 0*r - r = -g + 133, -560 = 4*r + 3*g. Let o = r - 423. Let y = o + 923. Calculate the highest common factor of y and 33.
33
Let o = 24 + 8. Let q = 68 - o. Let f = q - 22. What is the highest common factor of f and 14?
14
Suppose -f - 52 = -3*f. Let n(k) = 3*k**2 - 14. Let i be n(-10). Calculate the greatest common factor of f and i.
26
Suppose 2*h + 3*d - 4 = 9, -3*h + 27 = 3*d. Suppose w = -2*n + 257, 2*w - w = -3*n + 383. What is the highest common divisor of n and h?
14
Let p be 3/(-12) + (3492/16 - 1). What is the greatest common factor of p and 62?
31
Let h = -77 - -80. Let f = 39 - 6. Calculate the greatest common factor of f and h.
3
Suppose -7*p = -484 + 99. Let b = 36 - 112. Let n be 3/21 - b/7. What is the greatest common divisor of n and p?
11
Let i = 14 - -3. Suppose 3*z = 43 + i. Let h be 1*-80*z/(-25). What is the highest common divisor of 16 and h?
16
Let t = -93 + 117. Suppose -n + 3*o = -0*o - 23, 0 = -5*n + o + 45. Calculate the highest common factor of t and n.
8
Let h(u) = 41*u**2 + u + 2. Let x = -18 - -17. Let w be h(x). Calculate the greatest common factor of 21 and w.
21
Let y(i) be the second derivative of -56*i**3/3 + 7*i**2/2 + 20*i. Let o be y(-2). What is the highest common divisor of 21 and o?
21
Let z be ((-5)/(-10))/(2/(-12)). Let s be (6/(-7))/(6/(-28)). Let n = z + s. What is the highest common divisor of 8 and n?
1
Let v be ((-99)/5)/((-1)/5). Suppose 2*u = u + v. Let j be (3/(-2))/(5/(-30)). Calculate the greatest common divisor of j and u.
9
Let l be ((-42)/7)/(-2 - (-3)/2). What is the greatest common divisor of l and 12?
12
Let u be -13 + 3/7*7. Let v(t) = -4*t + 8*t + t**2 + t + 5. Let d be v(u). What is the highest common divisor of 22 and d?
11
Suppose 0 = -6*p + 25 - 7. Calculate the highest common factor of p and 8.
1
Suppose 4*a + 200 = -4*g, 3*g - 90 = 3*a - a. Let m = a - -71. What is the greatest common factor of m and 46?
23
Let m(i) = 56*i**2 + 7*i + 8. Let g be m(-2). What is the greatest common factor of 4 and g?
2
Let t(x) = -18*x + 20. Let f be t(-6). Let v be ((-9)/4)/((-6)/f). Calculate the highes